
What is the tens digit of 397430842?
4
What is the millions digit of 1195146184?
5
What is the hundred thousands digit of 126116533?
1
What is the millions digit of 14155202?
4
What is the hundred thousands digit of 5383605354?
6
What is the ten thousands digit of 242533051?
3
What is the tens digit of 166745024?
2
What is the tens digit of 2702243701?
0
What is the ten millions digit of 75446868?
7
What is the hundred millions digit of 687399099?
6
What is the ten millions digit of 2324319222?
2
What is the units digit of 95352442?
2
What is the hundred millions digit of 127046962?
1
What is the units digit of 385336871?
1
What is the millions digit of 2000208?
2
What is the ten millions digit of 20798349?
2
What is the ten millions digit of 110833225?
1
What is the hundreds digit of 15547340?
3
What is the ten thousands digit of 870585121?
8
What is the billions digit of 3042281791?
3
What is the hundreds digit of 301744587?
5
What is the tens digit of 149983619?
1
What is the ten millions digit of 34672033?
3
What is the hundred thousands digit of 88805897?
8
What is the hundreds digit of 42529802?
8
What is the billions digit of 4012392746?
4
What is the ten millions digit of 36579034?
3
What is the hundreds digit of 1311995?
9
What is the hundreds digit of 50936673?
6
What is the hundreds digit of 1495908230?
2
What is the hundreds digit of 122824196?
1
What is the hundreds digit of 124361595?
5
What is the thousands digit of 1906581750?
1
What is the hundred thousands digit of 241273298?
2
What is the billions digit of 3708527026?
3
What is the ten thousands digit of 98128216?
2
What is the units digit of 256892300?
0
What is the ten millions digit of 7273294709?
7
What is the hundred millions digit of 231606994?
2
What is the units digit of 581274941?
1
What is the ten thousands digit of 104738022?
3
What is the hundred thousands digit of 4871062032?
0
What is the tens digit of 3111328419?
1
What is the tens digit of 348973958?
5
What is the tens digit of 5022185388?
8
What is the hundred thousands digit of 653351054?
3
What is the millions digit of 2629014?
2
What is the tens digit of 981096478?
7
What is the ten millions digit of 1367395517?
6
What is the units digit of 139028286?
6
What is the ten millions digit of 244387153?
4
What is the thousands digit of 18685004?
5
What is the ten millions digit of 17889073?
1
What is the millions digit of 182284435?
2
What is the tens digit of 1295704533?
3
What is the millions digit of 1188693255?
8
What is the millions digit of 1545395881?
5
What is the tens digit of 52667843?
4
What is the units digit of 190213698?
8
What is the ten thousands digit of 124767647?
6
What is the thousands digit of 25909255?
9
What is the tens digit of 1106445281?
8
What is the hundred millions digit of 145431313?
1
What is the ten millions digit of 108766837?
0
What is the millions digit of 546110711?
6
What is the thousands digit of 137912354?
2
What is the ten thousands digit of 5309360246?
6
What is the tens digit of 29432027?
2
What is the hundred millions digit of 137865661?
1
What is the tens digit of 253588809?
0
What is the hundreds digit of 2022704820?
8
What is the tens digit of 41411701?
0
What is the units digit of 557462117?
7
What is the units digit of 44315772?
2
What is the tens digit of 3461724065?
6
What is the ten thousands digit of 1489513322?
1
What is the units digit of 106875119?
9
What is the ten thousands digit of 678966297?
6
What is the ten millions digit of 117896863?
1
What is the hundreds digit of 482348559?
5
What is the hundreds digit of 234045334?
3
What is the millions digit of 4712623941?
2
What is the hundred thousands digit of 637282045?
2
What is the hundred thousands digit of 455622396?
6
What is the ten millions digit of 33440409?
3
What is the millions digit of 21750655?
1
What is the millions digit of 52785127?
2
What is the thousands digit of 181050473?
0
What is the millions digit of 212340467?
2
What is the millions digit of 478945902?
8
What is the hundred thousands digit of 56676391?
6
What is the billions digit of 1886055307?
1
What is the hundred millions digit of 565182828?
5
What is the hundreds digit of 302877302?
3
What is the thousands digit of 439334677?
4
What is the thousands digit of 457512541?
2
What is the thousands digit of 1581274434?
4
What is the ten millions digit of 135381299?
3
What is the ten thousands digit of 55360204?
6
What is the ten millions digit of 1015839255?
1
What is the hundreds digit of 104471870?
8
What is the millions digit of 317672126?
7
What is the millions digit of 10955446?
0
What is the ten thousands digit of 313227924?
2
What is the hundreds digit of 4681049?
0
What is the units digit of 167575879?
9
What is the thousands digit of 250322824?
2
What is the hundred thousands digit of 4803290341?
2
What is the billions digit of 4648618756?
4
What is the millions digit of 2679758420?
9
What is the thousands digit of 1047474778?
4
What is the hundred millions digit of 156963727?
1
What is the hundred thousands digit of 109456350?
4
What is the hundred thousands digit of 4232533030?
5
What is the ten thousands digit of 1682519376?
1
What is the units digit of 250152424?
4
What is the units digit of 37644616?
6
What is the hundreds digit of 116716219?
2
What is the thousands digit of 4059985849?
5
What is the hundreds digit of 589621120?
1
What is the thousands digit of 41768394?
8
What is the hundred thousands digit of 199506599?
5
What is the tens digit of 1534517394?
9
What is the tens digit of 2132529287?
8
What is the hundred thousands digit of 467771054?
7
What is the millions digit of 1901933641?
1
What is the millions digit of 3028315?
3
What is the ten thousands digit of 1133082?
3
What is the hundred thousands digit of 295959495?
9
What is the hundreds digit of 654307499?
4
What is the hundred thousands digit of 35942860?
9
What is the ten thousands digit of 20369516?
6
What is the hundreds digit of 135282058?
0
What is the tens digit of 528300305?
0
What is the ten thousands digit of 323902782?
0
What is the ten thousands digit of 1461842673?
4
What is the tens digit of 65547472?
7
What is the ten thousands digit of 5362668091?
6
What is the ten millions digit of 447075778?
4
What is the tens digit of 2099872707?
0
What is the billions digit of 4748720347?
4
What is the hundred thousands digit of 74526806?
5
What is the hundreds digit of 795565038?
0
What is the ten millions digit of 323198413?
2
What is the billions digit of 1201492971?
1
What is the thousands digit of 2377047754?
7
What is the tens digit of 197359676?
7
What is the tens digit of 270713778?
7
What is the units digit of 1061669909?
9
What is the millions digit of 37113538?
7
What is the tens digit of 619777100?
0
What is the tens digit of 22888487?
8
What is the hundreds digit of 36541043?
0
What is the hundred millions digit of 465458925?
4
What is the ten thousands digit of 75450664?
5
What is the hundred thousands digit of 1221882821?
8
What is the hundred thousands digit of 62713704?
7
What is the hundreds digit of 25626210?
2
What is the ten thousands digit of 75690807?
9
What is the hundred thousands digit of 575703097?
7
What is the hundred thousands digit of 805418911?
4
What is the hundred thousands digit of 42857435?
8
What is the hundred millions digit of 244270787?
2
What is the ten millions digit of 67214663?
6
What is the units digit of 57483943?
3
What is the billions digit of 2019802732?
2
What is the hundred thousands digit of 864484545?
4
What is the ten thousands digit of 106478925?
7
What is the ten thousands digit of 1722499825?
9
What is the hundred millions digit of 6986600240?
9
What is the hundred thousands digit of 39148879?
1
What is the millions digit of 1586659188?
6
What is the tens digit of 46012188?
8
What is the hundred millions digit of 543360751?
5
What is the hundreds digit of 1427758540?
5
What is the hundred millions digit of 1073122547?
0
What is the billions digit of 1201754512?
1
What is the ten millions digit of 54118119?
5
What is the hundred millions digit of 2912490439?
9
What is the thousands digit of 93666390?
6
What is the hundred thousands digit of 42154988?
1
What is the hundred millions digit of 